5976. What is m(-32)?
-344
Let m(i) = -99*i**2 - 2193*i - 328. Give m(-22).
2
Let f(b) = -2*b**2 - 791*b - 21906. What is f(-30)?
24
Let t(k) = k**3 + 70*k**2 + 140*k - 157. Determine t(-68).
-429
Let b(r) = 213*r + 81411. Give b(-383).
-168
Let t(s) = s**2 + 14492*s - 3475815. Calculate t(236).
-7
Let f(x) = -218*x**3 - 8*x**2 + x + 6. What is f(1)?
-219
Let z(c) = -c**3 + 53*c**2 - 174*c - 1060. Determine z(49).
18
Let a(j) = -j**2 + 1037*j - 34094. Determine a(1003).
8
Let h(v) = 8824*v + 1270656. Calculate h(-144).
0
Let r(y) = 27918*y - 5276510. Calculate r(189).
-8
Let d(i) = -6850*i - 328886. Determine d(-48).
-86
Let f(g) = 45629*g**2 - 410663*g + 21. Calculate f(9).
3
Let w(f) = -7210*f + 202262. What is w(28)?
382
Let o(a) = -811*a + 4488. Give o(6).
-378
Let v(t) = t**3 - 28*t**2 - 33*t + 505. Give v(4).
-11
Let z(o) = -4*o**2 - 180*o + 2363. What is z(10)?
163
Let v(x) = x**3 - 273*x**2 + 12000*x - 567. What is v(55)?
-17
Let s(d) = -94*d**2 - 631*d + 199. What is s(-7)?
10
Let g(z) = -7*z**2 - 1573*z - 7172. Calculate g(-220).
88
Let l(q) = -q**3 - 558*q**2 - 460*q + 53860. Calculate l(-557).
-169
Let k(o) = 3*o**3 - 33*o**2 + 26*o + 201. Determine k(12).
945
Let i(k) = -19036*k - 133255. Calculate i(-7).
-3
Let i(q) = -27951*q - 5841743. Determine i(-209).
16
Let q(w) = 597*w - 35780. Give q(60).
40
Let o(k) = k**2 - 380*k + 9780. Give o(352).
-76
Let t(k) = 3143*k - 1329497. Determine t(423).
-8
Let a(t) = -t**2 - 4373*t - 61067. Determine a(-14).
-41
Let c(k) = -7*k**2 + 291*k - 4446. Give c(15).
-1656
Let w(r) = -31*r**3 - 164*r**2 + 318*r + 1831. Calculate w(-5).
16
Let v(r) = -r**3 - 7*r**2 + 24*r + 227. Determine v(5).
47
Let i(p) = -19*p**2 - 2381*p + 56. Give i(-124).
3156
Let u(d) = -3*d**3 + 374*d**2 + 1011*d - 15503. Determine u(127).
-9
Let t(g) = -213921*g - 641760. Determine t(-3).
3
Let u(l) = 12629*l - 2879412. Determine u(228).
0
Let b(p) = -411*p**2 - 230*p - 1116. Give b(-4).
-6772
Let x(g) = 29*g**2 + 275*g + 63. Determine x(-11).
547
Let q(s) = 75*s**3 - 1878*s**2 + 78*s - 77. Determine q(25).
-2
Let b(d) = 2*d**3 - 14*d**2 - 26*d + 173. Determine b(7).
-9
Let z(r) = 47279*r - 236389. Give z(5).
6
Let l(t) = 317*t**2 - 1618*t - 57. Determine l(6).
1647
Let h(m) = 871*m + 418250. Calculate h(-480).
170
Let d(l) = -40620*l - 284342. Calculate d(-7).
-2
Let g(s) = s**2 + 949*s + 199420. Calculate g(-635).
30
Let q(n) = 3*n**2 - 1622*n - 8284955. What is q(1954)?
5
Let c(x) = -208*x**2 - 6212*x + 832. Give c(-30).
-8
Let k(t) = -16*t**3 - 62*t**2 - 28*t - 9. Calculate k(-6).
1383
Let n(q) = 492*q - 11318. What is n(23)?
-2
Let f(r) = -85*r**2 - 131*r - 16. Give f(-2).
-94
Let a(w) = -6631*w - 278467. Give a(-42).
35
Let q(c) = -29*c**2 + 1507*c + 13912. Calculate q(-8).
0
Let c(u) = -258*u - 9398. Calculate c(-36).
-110
Let k(h) = 2*h**3 - 124*h**2 - 401*h + 17526. Determine k(63).
201
Let b(g) = g**3 + 20*g**2 + 17*g + 165. What is b(-18)?
507
Let w(u) = u**3 + 22*u**2 + 10*u - 342. What is w(4)?
114
Let k(p) = p**3 - 8*p**2 - 3579*p + 32179. Give k(9).
49
Let r(b) = -b**3 + 100*b**2 - 2270*b - 316. Give r(65).
9
Let d(j) = -24111*j - 168774. Calculate d(-7).
3
Let a(d) = -385*d**2 + 18478*d + 73. Determine a(48).
-23
Let r(a) = -2004*a + 78200. Calculate r(39).
44
Let o(y) = 1225*y - 37941. What is o(31)?
34
Let z(g) = g**3 - 309*g**2 + 621*g - 1928. What is z(307)?
221
Let k(r) = 4*r**2 + 401*r - 8359. Determine k(-120).
1121
Let l(k) = -49*k**2 + 6225*k + 45723. Calculate l(134).
29
Let r(i) = 4*i**3 + 11*i**2 - 688*i - 6178. Determine r(-9).
-2011
Let g(d) = 5*d**3 - 964*d**2 - 202*d + 1768. What is g(193)?
31
Let d(m) = -8677*m + 52032. Determine d(6).
-30
Let u(j) = -j**3 + 80*j**2 - 959*j - 220. Calculate u(15).
20
Let t(h) = -77*h**2 - 2047*h + 866. Give t(-27).
2
Let x(w) = -9*w**2 - 1852*w + 9956. Give x(-211).
39
Let n(h) = -121596*h - 2553500. What is n(-21)?
16
Let x(p) = -404*p + 119593. Give x(296).
9
Let s(b) = 138*b**2 + 1831*b - 4199. Calculate s(2).
15
Let t(z) = 2*z**3 - 6*z**2 - 208*z - 259. What is t(-8)?
-3
Let q(z) = 432*z - 3251. Give q(8).
205
Let j(i) = -1982*i + 9898. Calculate j(5).
-12
Let r(a) = 2*a**3 - 154*a**2 + 2449*a - 2037. Give r(21).
0
Let r(f) = -8587*f - 159881. Calculate r(-19).
3272
Let y(j) = j**3 + 44*j**2 - 218*j - 8969. What is y(-45)?
-1184
Let t(u) = 4224*u + 50868. What is t(-12)?
180
Let j(z) = -z**3 + 3*z**2 - 137*z + 737. Calculate j(5).
2
Let t(a) = a**3 - 6978*a**2 + 20935*a - 5. What is t(3)?
25
Let u(c) = 5*c**3 + 29*c**2 + 501*c + 3056. Determine u(-6).
14
Let q(s) = 13833*s + 2116467. Give q(-153).
18
Let s(p) = p**2 + 87*p - 166. Calculate s(-89).
12
Let c(s) = -s**2 + 4353829*s - 43538181. What is c(10)?
9
Let o(d) = -21381*d**2 + 128232*d + 278. Calculate o(6).
-46
Let w(g) = 9*g**3 + 2*g**2 - 39*g - 164. What is w(-5)?
-1044
Let v(z) = -67*z**2 - 838*z - 3338. Give v(-4).
-1058
Let i(p) = -2*p**3 - 29*p**2 + 501*p - 28. Give i(10).
82
Let t(z) = -608*z - 101218. What is t(-166)?
-290
Let d(p) = -2*p**3 + 2867*p**2 + 300175*p + 100. Give d(-98).
2
Let m(l) = 834*l + 9867. What is m(-12)?
-141
Let r(i) = 5066*i + 4972. Give r(-1).
-94
Let v(o) = 730*o + 28990. Determine v(-38).
1250
Let p(k) = -k**2 + 130*k + 10247. Give p(-55).
72
Let z(b) = -2398*b + 88574. Give z(37).
-152
Let t(i) = i**3 - 202*i**2 + 583*i + 2793. Determine t(199).
7
Let g(h) = -2*h**2 + 323*h - 2884. Give g(151).
287
Let i(q) = -452*q - 294724. Calculate i(-652).
-20
Let v(h) = 7311*h - 329088. What is v(45)?
-93
Let u(b) = -1643*b - 72283. Calculate u(-44).
9
Let h(n) = 69*n**2 - 46*n - 73. What is h(3)?
410
Let g(y) = y**3 + 6*y**2 - 297*y + 2504. What is g(0)?
2504
Let g(p) = -2*p**3 - 18*p**2 + 4708*p + 23734. Determine g(-5).
-6
Let x(t) = 24*t**2 + 1142*t - 560. Determine x(-47).
-1218
Let b(r) = r**3 + 31*r**2 - 5608*r - 169132. Give b(-30).
8
Let u(y) = 4*y**3 + 16*y**2 - 12*y + 1. Give u(-4).
49
Let u(v) = 227*v - 11553. What is u(46)?
-1111
Let a(p) = 1597*p - 100466. What is a(63)?
145
Let r(b) = 6010*b - 90156. Calculate r(15).
-6
Let f(m) = m**3 + 22*m**2 + 13719*m - 41375. Determine f(3).
7
Let t(g) = -3*g**3 + 268*g**2 - 2471*g + 1760. What is t(79)?
22
Let h(s) = 426*s + 492. Determine h(-3).
-786
Let l(b) = 3*b**2 + 46*b + 252. Determine l(-24).
876
Let k(c) = c**3 + 457*c**2 + 5749*c - 10239. Give k(-444).
-27
Let g(t) = -66020*t - 9308792. Determine g(-141).
28
Let w(y) = -6*y**3 + 198*y**2 + 7290*y - 1642. Determine w(55).
8
Let x(d) = 2*d**2 + 39299*d + 746147. Give x(-19).
188
Let c(t) = 78*t**2 + 1378*t - 9573. Determine c(-23).
-5
Let t(f) = 3479*f**2 - 104427*f + 22. Give t(30).
-1688
Let d(h) = -1166*h + 334605. Determine d(287).
-37
Let l(f) = -32*f - 75. Give l(-12).
309
Let a(p) = 5*p**3 + 19*p**2 + 57*p + 185. Give a(-8).
-1615
Let i(u) = -11*u**2 - 4*u + 414. Determine i(-15).
-2001
Let o(i) = -41347*i - 29273670. What is o(-708)?
6
Let y(o) = 3*o**3 + 14981*o + 14980. Determine y(-1).
-4
Let x(u) = -3*u**2 + 209*u + 10042. What is x(-33)?
-122
Let l(q) = 100642*q + 402559. Give l(-4).
-9
Let g(f) = -f**2 - 87*f - 1268. Calculate g(-32).
492
Let k(m) = -16*m**2 - 1058*m + 66. Determine k(-66).
198
Let w(p) = 15061*p + 12109033. Determine w(-804).
-11
Let p(r) = 50087*r - 400934. What is p(8)?
-238
Let l(n) = -41*n**2 + 8*n + 115. Calculate l(-6).
-1409
Let z(r) = -13776*r - 96432. Calculate z(-7).
0
Let c(u) = 84*u + 336. Calculate c(8).
1008
Let n(f) = 9*f**2 + 1151*f + 35841. Give n(-74).
-49
Let n(v) = 11*v**3 - 111*v**2 + 114*v - 60. Determine n(9).
-6
Let v(q) = 3317*q - 10111. Give v(3).
-160
Let w(b) = b**3 + 20*b**2 - 337*b - 6562. Calculate w(-21).
74
Let c(h) = -65*h + 12226. Determine c(185).
201
Let s(k) = -k**3 - 3*k**2 + 220*k - 3296. Determine s(-21).
22
Let p(i) = -362*i**2 + 2489*i + 36. Determine p(7).
-279
Let j(b) = -b**3 + 11*b**2 + 410*b - 341. What is j(-16)?
11
Let z(l) = -291*l**2 + 24726*l + 691. Determine z(85).
-74
Let m(h) = -6*h**3 + 66*h**2 + 55*h - 94. Calculate m(5).
1081
Let s(p) = 28*p**2 + 379*p - 146. What is s(-14)?
36
Let k(r) = -r**2 + 2030*r - 42351. Determine k(21).
-162
Let w(f) = -f**2 - 593*f + 1277515. Give w(872).
35
Let l(y) = y**3 + 129*y**2 + 491*y - 1172. Determine l(-125).
-47
Let o(w) = w**2 -